 - 5*q(y). What is i(1)?
17
Suppose -9 + 2 = -h. Let v(p) = -6 + 6*p + 1 - 1 - 4*p. Determine v(h).
8
Let c(l) = l - 6. Let w = -71 - -82. Suppose -14 = -5*i + w. Calculate c(i).
-1
Let m(j) = -4*j**3 + 2*j - 1. Let l = 11 + -7. Suppose -4*a - l = -28. Suppose 3*s = 2*y + y + a, -4*y = -s - 1. Calculate m(y).
-3
Let j(l) = -2*l + 1. Let o(f) = 6*f + 9*f**2 + f**3 - 6 + f + 0*f**3. Let q be o(-8). Suppose 6 = -q*u - 2, 2*u + 16 = -2*p. What is j(p)?
9
Let h(i) = 5*i**2 + 20*i - 14. Let x(k) = k**2 + 4*k - 3. Let g(w) = -2*h(w) + 11*x(w). Let z = -11750 - -11745. What is g(z)?
0
Suppose 3*y - 1 = 2*t + 20, y - 11 = 2*t. Let v(g) = -g**2 - 4*g + 7. Let z be v(-5). Let u(r) = 2 - 4*r**2 + z - 3*r + 0*r**2 + r**3. Give u(y).
14
Let k(f) = 3*f + 4. Let a(z) = 2*z + 2. Let q(b) = -a(b) + k(b). Give q(-10).
-8
Let u(r) = -r**3 + 10*r**2 - 2. Let q(o) = -o**2 - o + 1. Let m(l) = -4*q(l) - u(l). Let a = 7388 + -7383. Give m(a).
-7
Let z(a) = a**3 + 22*a**2 - a - 22. Let p be (-1)/(9/3 - 195/66). What is z(p)?
0
Let v(t) be the third derivative of 0*t - 2*t**2 + 0 - 5/24*t**4 + 1/60*t**5 + 1/6*t**3. Suppose 2*p = 5*l - 5 + 29, 4*l = -2*p - 12. What is v(p)?
-5
Let b(k) = -k**2 - 4*k. Let a be 1/(3/(-9))*(-6 + -7). Suppose -a*r + 38*r = 7. What is b(r)?
-21
Let f(n) = -n**3 + 8*n**2 - 6*n - 5. Let u be f(7). Let x(t) be the second derivative of 1/2*t**u + 0 - 5*t + 1/6*t**3. What is x(-2)?
-1
Let r(w) = w - 4. Let a = 32 - 38. Give r(a).
-10
Let f(j) = 6*j**3 + 15*j**2 - 8*j - 17. Let z(r) = 5*r**3 + 14*r**2 - 7*r - 16. Let o(q) = -4*f(q) + 5*z(q). What is o(-10)?
18
Suppose 12 = -4*b, 0*a = -a - 5*b - 10. Let n(w) = w**2 - 4*w - 11. Determine n(a).
-6
Let g(m) = -7*m**2 + m**3 + 0*m**3 + 4 - 22*m + 22*m + 8*m - m**2. Determine g(7).
11
Let v(m) = 84*m - 169. Let x be v(2). Let u(l) = -41*l**3 - 2*l**2 + 1. What is u(x)?
40
Let d(n) = n**3 + 1. Suppose -4*m + 2 = -u - 13, -u = -1. Suppose -j + m = j. Calculate d(j).
9
Let x(o) = -o**2 - 4*o + 12. Let a be x(-6). Let t(h) = a*h**2 + 10*h - 6 + 0 - 3*h**2 + 2*h**2. Give t(9).
3
Let m be (-55)/(-22)*16/10. Suppose 0 = -m*r + 4, 2*h + r + 5 = -0*h. Let o(w) = 2*w**2 + 4*w + 2. Determine o(h).
8
Let z(f) = -f**2 + 8*f - 10. Suppose 2*v = -c + 11, 7*v + 39 = 4*c + 10*v. What is z(c)?
-19
Let z = -33 - -28. Let u(m) = 7*m + 35. Let v be u(z). Let n(o) = o**3 - 8. Give n(v).
-8
Let h(l) = -l. Let y(m) = -10*m**2 - 2*m + 11*m**2 - 16 + 4. Let k be y(5). What is h(k)?
-3
Let j(t) = t**2 + t + 3. Let v be 5/(-6 - -5) + (-2 - -5). Give j(v).
5
Let p(v) = -5*v**3 - 14*v**2 + 20*v + 12. Let w(m) = 4*m**3 + 13*m**2 - 19*m - 9. Let j(s) = -5*p(s) - 6*w(s). Calculate j(6).
6
Let p(a) = 5*a**2 + 1. Let w be p(-1). Suppose 4*r = 7*r + w. Let f(z) be the second derivative of z**5/10 + z**4/6 + z**3/6 - z**2/2 + z. Determine f(r).
-11
Let h = -2558 - -2552. Let t(z) = z**2 - 11*z - 109. What is t(h)?
-7
Let p(f) = -19*f**3 + f. Suppose -2*y = 2*m, -5*y - 14 + 7 = -2*m. Give p(y).
18
Let w(j) be the third derivative of j**5/60 + j**4/4 + j**3 + 2*j**2 - 5*j. Suppose 2*v = 4*r + 12, -37 = 3*v + 8*r - 3*r. Determine w(v).
-2
Let v = -56 - -61. Let x(u) = u**2 + 7*u - 6 - v*u - 3*u - 2*u. Determine x(5).
4
Suppose -7*j + 2*j - 12 = -3*l, -5*l - 4*j = -20. Let m be (-54)/(-30) + 4/20. Let r(g) = -5 + l*g + 0 - 6*g**m + 5*g**2. What is r(4)?
-5
Let d = -42 + 65. Suppose 4*q - 31 = -6*x + x, d = x + 5*q. Let y(n) = n**2 - 3*n. Give y(x).
0
Let l(j) = j + 7. Let d(m) = -35*m + 340. Let t be d(10). Give l(t).
-3
Let a(w) be the second derivative of w**3/3 + 13*w**2 + 396*w - 1. What is a(-11)?
4
Let l(c) = 32*c + 5. Let d(z) = 15*z + 1. Let h(f) = -5*d(f) + 2*l(f). Give h(4).
-39
Let q(g) = -2*g**2 + 5*g - 12. Let z(h) = 3*h**2 - 7*h + 18. Let f(p) = 7*q(p) + 5*z(p). Let x be (36/15 - 0)/((-4)/(-20)). Suppose 9*j - 12 = -x. Give f(j).
6
Suppose -g - 5 = -3*n, -24*n + 3*g + 15 = -20*n. Let c(z) = 2*z**3 + z - 4*z**3 + z**3 - z**2 - 15. Determine c(n).
-15
Let b(l) be the second derivative of -1/20*l**5 + l + 0*l**2 + 7/6*l**3 + 0*l**4 + 0. Let c(r) be the second derivative of b(r). What is c(-1)?
6
Let m(g) = -2*g**3 - 4*g**2 + 2*g + 4. Let z = -24 + 28. Suppose -z*b + 5*q - 15 = b, 0 = 2*b - 5*q + 6. Give m(b).
16
Let a = -21 - -23. Let t(k) = -k + 1. Let s(v) = v**2 + 3*v - 2. Let d(g) = s(g) + t(g). Give d(a).
7
Let w(x) = x + 3. Let u be (-1488)/18*6/4. Let q = -114 - u. Determine w(q).
13
Let s(f) = -f + 6. Let v be 388/14 - (-18)/63. Let g = -17 + v. Let p be s(g). Let c(q) = q**3 + 4*q**2 - 6*q - 1. What is c(p)?
4
Let m(y) = y - 2. Let a be m(7). Let x(o) = 7 - a + 0 - 3*o. Suppose -67*p + 73*p + 18 = 0. Give x(p).
11
Let f(k) = k**3 - 44*k**2 - 87*k - 224. Let x be f(46). Let i(v) = v**2 + 6*v - 8. Determine i(x).
64
Suppose -9*n + 5*n = x - 17, 3*x - n = -1. Let d(y) = 55*y - 1. Give d(x).
54
Let a(r) be the first derivative of r**3/3 - 11*r**2/2 + 2*r - 65. Give a(11).
2
Let r(q) be the third derivative of -q**4/8 - q**3/6 - 366*q**2. Give r(1).
-4
Let p(f) = -12 - 2*f**2 + 5 + 1 + 5 + 8*f + 6. Calculate p(7).
-37
Let m(y) be the third derivative of y**6/120 + 2*y**5/15 + y**4/4 - 13*y**3/6 + 261*y**2. Give m(-7).
-6
Suppose -61 = 4*o + k, k = o - 3*k + 11. Let c be (2 - (-99)/o) + 10/(-25). Let u(h) = 6 + 2*h - 3*h + 2*h. Calculate u(c).
1
Let r(h) be the third derivative of -5*h**4/24 - 13*h**3/6 - h**2 - 183. Give r(-4).
7
Let t(u) = 3*u - 1476 + 1476. Give t(-5).
-15
Let j(h) = h - 2. Let k be ((-2)/4 + (-25)/(-30))*54. Determine j(k).
16
Let z(w) = -w**3 - w**2 - w + 1. Let i(j) = 8*j**3 + 6*j**2 + 7*j - 6. Let b(y) = i(y) + 6*z(y). What is b(-1)?
-3
Let z(a) = -5*a**3 + a**2 + a - 1. Suppose 4*x + 2*l = -0 - 2, 3*x = -4*l - 9. What is z(x)?
-4
Let b(l) = l - 2. Let h(x) = -2*x - 3. Let k be h(16). Let f = 34 + k. Let c be (-4)/((-16)/12) - f. Calculate b(c).
2
Let f(w) = -w**2 + 1418*w - 3 - 1419*w - 1. Let q be 2*(-1)/2*0. Determine f(q).
-4
Suppose m + 2*k - 26 = -2*k, m - 3*k = -9. Let w(c) = c - 8. Calculate w(m).
-2
Let x(s) = s - 1 + 263*s**2 - 6 + 6 - 274*s**2. Determine x(2).
-43
Let y(c) be the second derivative of -c**5/20 - 2*c**4/3 - 5*c**3/3 - 3*c**2 - c + 26. Calculate y(-6).
-18
Let l(v) = -3 - 4*v**3 + 13*v**2 + 2*v**3 + 0*v**3 + 2*v**3 + v**3 + 10*v. Give l(-12).
21
Let d(o) = 3*o**2 - 2*o + 1. Let g be d(1). Let w(r) = -4*r**2 + 8*r**2 + 0*r**2 - 7 - 5*r**g - 8*r. Calculate w(-6).
5
Let i(v) = v**2 - 7*v + 1. Let r(c) = c + 4. Suppose 5*l - 22 = -2. Suppose 2*y - 8 = -l. Let n be r(y). Determine i(n).
-5
Let h(q) = 4 + q**2 - 3 - 2*q + 0*q. Suppose -4*n = -5*j + 383 - 85, 2*j + 5*n - 139 = 0. Let l = j + -61. Determine h(l).
0
Let t(g) = 181*g - 55*g - 63*g - 55*g - g**2 + 3. What is t(6)?
15
Suppose -14 = 21*z - 18*z - 2*b, -4*b - 8 = 0. Let i(y) = -y + 2. Calculate i(z).
8
Let y(b) = 4*b**2 - 1. Let v = -401 - -402. Calculate y(v).
3
Let u(i) = -2*i + 10. Let t be u(4). Let v(m) = -4*m**t + 2*m - 8*m - 5 + m**3 + 5*m. Give v(4).
-9
Let d(u) be the second derivative of 1/12*u**4 + 13/2*u**2 + 0 - 5/3*u**3 - 24*u. What is d(9)?
4
Let x(i) = -i + 0*i - 6*i**3 + 1 + 18*i**3. Let w = -3181 - -3182. Give x(w).
12
Suppose 17*t - 30 = 7*t. Let b(a) = 2*a**3 - 4*a**2 + a - 2. What is b(t)?
19
Let j(v) = v**2 - 10*v + 18. Let t be j(8). Suppose 0*u + t*u + 4 = 0. Let n(b) be the first derivative of -b**4/4 - 2*b**3/3 - 3*b**2/2 - b - 1. What is n(u)?
5
Let q(d) be the third derivative of d**6/120 - d**5/15 + d**4/6 - 5*d**3/6 + 2*d**2. Suppose -4*m = -25 + 9. What is q(m)?
11
Let i(g) = g + 18. Let n = -792 - -784. Give i(n).
10
Suppose -10*a + 16 = -18*a. Let r(y) = 2*y**2 + 3*y + 1. What is r(a)?
3
Let q(l) = -8*l**2 + 2*l - 4. Let u(y) = -9*y**2 + 2*y - 5. Let h(f) = -4*q(f) + 3*u(f). What is h(2)?
17
Let d(c) = c - 1. Let n(v) = -v**3 + v**2 + 5*v - 6. Let r(h) = -6*d(h) + n(h). Suppose -4*f = f + 180. Let m = f + 36. What is r(m)?
0
Let v be 2/10*15 - 0/(-7). Let f(p) be the second derivative of 0 + p + p**2 - 1/6*p**3. What is f(v)?
-1
Let i = -27 + 20. Let n(l) = -l**3 - 3*l**2 - 4*l - 3. Let c be n(-2). Let o = i + c. Let x(u) = u + 7. Determine x(o).
1
Let s(l) = l**2 - 3 + 0*l + 1 - l. Suppose -7*p - 112 = -9*p. Suppose 55*t - p*t = -3. Calculate s(t).
4
Suppose p - 12 - 6 = -c, c = -3*p + 50. 